emainder when d is divided by y(10)?
37
Suppose -163*a + 63*a = -7700. What is the remainder when 845 is divided by a?
75
Let v = -43 + 102. Suppose -f = 46 - v. Let x = -32 + 68. What is the remainder when x is divided by f?
10
Suppose 2*u + 525 = 5*p - 3*u, -4*u + 543 = 5*p. Suppose -1830 = 92*a - p*a. Calculate the remainder when a is divided by 3.
2
Suppose 0 = -3*b + 5*r + 59, 17*r - 18*r - 135 = -5*b. Calculate the remainder when 693 is divided by b.
21
Let v = -2104 - -2379. Calculate the remainder when v is divided by 134.
7
Suppose 15*y - 26*y + 11627 = 0. Let c = -952 + y. Let q = 67 - 31. Calculate the remainder when c is divided by q.
33
Suppose 0 = -3*v - 3*p + 279, -v + 4*p = 2*p - 96. What is the remainder when v is divided by 90?
4
Let z be -4*387/126 + 4/14. What is the remainder when (8/z)/((-25)/(-30))*-10 is divided by 4?
0
Let m be (-20)/(-2) + (-6)/(24/20). Suppose -35*b + 45 = -30*b + m*k, 0 = 2*b + k - 21. What is the remainder when 33 is divided by b?
9
Suppose 232*i - 2867 - 5171 = -2238. What is the remainder when 690 is divided by i?
15
Let n = -82 + 16. Let h = -22 - n. Suppose 2*j = -2, -12*j + 8*j - 64 = -5*g. Calculate the remainder when h is divided by g.
8
Suppose 14*w - 17*w = 177. Let c = w + 59. Suppose -5*x + 4*f - 2*f = -190, c = 4*x + 2*f - 152. What is the remainder when 110 is divided by x?
34
Suppose 2*n = 3*w + 577, -2*w - n - 570 = -197. Let i = w - -91. Let h = -33 - i. What is the remainder when h is divided by 17?
14
Suppose -u + 63 - 46 = 0. Let k = u + -7. Suppose 163 = 4*v - 2*h + 13, 5*v = 4*h + 183. Calculate the remainder when v is divided by k.
9
Let i(h) = -25*h - 284. Suppose 30 = z + 2*k - 5*k, 0 = -4*z + 2*k + 70. Calculate the remainder when i(-16) is divided by z.
11
Suppose 0 = 5*t - 6 - 4. Let f(a) = -18*a + 150. Let y = -391 + 399. Calculate the remainder when f(y) is divided by t.
0
Let v(t) = -t**2 + 28*t - 54. Let k(c) = 23*c - 1. Let i = 32 - 31. Calculate the remainder when v(24) is divided by k(i).
20
Let y = 478 - 494. Calculate the remainder when (30/1 - 2)*2 is divided by 9/((-27)/(-2))*(-384)/y.
8
Suppose 239*r - 228*r = 1166. Calculate the remainder when 952 is divided by r.
104
Let m(j) = 2*j**3 + 2*j. Let f be m(2). Suppose -24 = -4*y + 36. What is the remainder when (-330)/f*(-8)/3 is divided by y?
14
Let m(i) = i**2 - 13*i + 3. Let p(u) = 2*u**2 - 27*u + 6. Let g(n) = -5*m(n) + 3*p(n). Let c = -1 - -9. Calculate the remainder when c is divided by g(16).
2
Let t = 230 + -225. Suppose 2253 = t*d - 262. What is the remainder when d is divided by 12?
11
Let m = 142 + -138. Let c = -130 + 200. Suppose b + 45 = 3*n - 50, -3*n - m*b = -c. Calculate the remainder when n is divided by 8.
6
Let b(s) = -2*s**2 + 22*s + 8. Let v(h) = 2*h**3 + 14*h**2 - 18*h - 5. Let q be v(-8). Calculate the remainder when 37 is divided by b(q).
5
Suppose 41*m + 5871 = 45*m + 3*p, 5*p + 15 = 0. Suppose -5*r + 2*f = -1411, 4*f + 358 - m = -4*r. What is the remainder when r is divided by 6?
5
Let i = 70 + -60. Let d be 24*(5/i)/1. Suppose 0 = d*x - 205 - 323. Calculate the remainder when x is divided by 9.
8
Let z be (-1 - 4/(-3)) + 33/9. Suppose 9 = -z*y + y. Let i = 7 + y. Calculate the remainder when 23 is divided by i.
3
Suppose -45*x = -48*x + 177. Suppose 4*c + 34 = 5*i, -5*c - x + 30 = -4*i. What is the remainder when 6 is divided by i?
0
Suppose 79 = 5*u + 19. Let f(d) = 6 - 4*d**2 - 2*d + 3*d - 3*d**3 + d**3. What is the remainder when f(-3) is divided by u?
9
Let h(c) = -4*c**2 + 310*c + 268. What is the remainder when 793 is divided by h(78)?
9
Let q(h) = 33*h - 3. Let c be 40/16*12/10. Let v be q(c). Suppose -7*z - 26 = -v. Calculate the remainder when 19 is divided by z.
9
Let t be 6*(-1 - 25/(-15)) - 214. Let v = -194 - t. Calculate the remainder when 28 is divided by v.
12
Let f = -10292 - -10378. What is the remainder when 1805 is divided by f?
85
Let m = 56 - 40. Calculate the remainder when 8/(-44)*1 - (-6880)/88 is divided by m.
14
Let i = -3794 + 3879. Calculate the remainder when 337 is divided by i.
82
Let p = 3679 + -3588. What is the remainder when 387 is divided by p?
23
Let x = 323 - 41. Suppose 0 = 18*j - x + 48. Suppose -5*f - g + 248 = -0*g, -6 = 3*g. Calculate the remainder when f is divided by j.
11
Suppose -5*a = -8 - 27. Let j be (15/(-6) - 0)*-2. Suppose -3*t + j = -2*p - 21, -a = -t + p. What is the remainder when 34 is divided by t?
10
Let b = -159 - -186. Suppose 0 = 53*w - b*w - 338. Calculate the remainder when 75 is divided by w.
10
Calculate the remainder when 3455/18 + (-64)/(-1152) is divided by 13.
10
Suppose 23*i + 94*i - 6942 = 28*i. What is the remainder when 2962 is divided by i?
76
Suppose -2*a = -v - 662, 489 = 5*a - 5*v - 1156. Suppose 0 = -117470*q + 117450*q + 960. What is the remainder when a is divided by q?
45
Suppose 30*m - 127 = 165 - 22. Calculate the remainder when 1786 is divided by m.
4
Suppose 0 = -3*t + 4*r - 8, -5*t + 2*t - r + 2 = 0. Let c be (t - 3)*10*(-1)/6. What is the remainder when 69 is divided by (19 - (-6 - -3)) + c + -3?
21
Suppose -51*c + 52*c - 6 = -3*x, 5*x - c - 18 = 0. What is the remainder when (-9)/(-36) + 134/8 is divided by x?
2
Suppose 0 = 439*t - 406*t - 2706. What is the remainder when t is divided by ((-306)/(-36))/(2 + 3/(-2))?
14
Suppose -51*d + 5561 = -5761. Calculate the remainder when d is divided by 43.
7
Let q = 186 - -100. Suppose q*s - 285*s = 52. Calculate the remainder when s is divided by 18.
16
Let l = 8 - -13. Let c(b) = -b**3 + 21*b**2 + 50*b - 72. Let s be c(23). Suppose 12*n = s*n - 88. Calculate the remainder when l is divided by n.
10
Let n(k) = 0 - 2 + 36191*k - 36177*k + 3*k**2. Suppose -3*d = -d + 12. Calculate the remainder when 43 is divided by n(d).
21
Suppose -3*g + 65 - 26 = -0*g. Suppose 0 = y + 4*y - 320. What is the remainder when y is divided by g?
12
Suppose 50*w + 1130 = 52*w + 4*n, -w = 4*n - 565. Calculate the remainder when w is divided by 187.
4
Suppose 198 = 2*i + 3*l + 2*l, 406 = 4*i + 5*l. Suppose -55793 + 150343 = 305*t. Calculate the remainder when t is divided by i.
102
Let a(g) = -2*g + 56. Let o = -264 - -290. What is the remainder when 82 is divided by a(o)?
2
Suppose 2*m + 2*g = 34, 53*g = m + 58*g - 37. What is the remainder when 2285 is divided by m?
5
Suppose -u - 36 = -36. Suppose u*r + r - 5*x = 0, 20 = 4*x. Let j = 44 - r. Calculate the remainder when 53 is divided by j.
15
Suppose -586 + 90 = -16*s. Let y = 430 - 279. Calculate the remainder when y is divided by s.
27
Suppose 6*l + 2494 = 49*l. Calculate the remainder when 366 is divided by l.
18
Let q = 10627 + -10588. Calculate the remainder when 1596 is divided by q.
36
Suppose 2*t = -b + 111, 264 = 4*t - 40*b + 36*b. What is the remainder when 15339 is divided by t?
58
What is the remainder when 3/12 + ((-183931)/(-44))/23 is divided by (-6)/4*(5 - 43)?
11
Suppose 7*v = 1507 + 110. Suppose 0*u - 661 = -3*u - p, -5*p - v = -u. Calculate the remainder when u is divided by 58.
47
Calculate the remainder when 3818 is divided by (-82)/(-10) - (1462/(-1190) + 21/49).
2
Suppose -3*x - 5*v = -655, 2*v + 0*v = -8. Suppose 6 = b - x. What is the remainder when b is divided by 9?
6
Suppose 5*j = -4*s + 40, s - 8 - 21 = -6*j. Suppose m + 633 = j*t + 2*m, 0 = -m + 1. Calculate the remainder when t is divided by 35.
18
What is the remainder when 118 is divided by 28/7*(2/3)/(32/456)?
4
Let q = -97 + 53. Let a = q - -48. Let s(h) = h**3 - 2*h**2 - 2*h + 11. What is the remainder when 103 is divided by s(a)?
33
Calculate the remainder when 306 is divided by (((-14)/(-28))/((-3)/51))/(1/(-12)).
0
Suppose -3 = -n + 4*c - 5*c, n - 3 = 5*c. Suppose 0 = -n*k + 2*i + 1191, 0 = 2*i + 4 + 2. What is the remainder when k is divided by 44?
43
Suppose 0 = -4*c - c + 10. Let f(o) = 2*o**2 - 26 - 3*o**c - 3*o - 21*o + 0*o**2. What is the remainder when f(-11) is divided by 30?
27
Suppose -14*x = -12*x + 13*x. Suppose x = 3*g - 2 - 10. Suppose 0 = -u - 4*q + 11, -g*q - q = 0. Calculate the remainder when 38 is divided by u.
5
Calculate the remainder when 16222 is divided by (-18)/(-15) - (-16 + (-312)/40).
22
Calculate the remainder when -117*(-15 - -25 - 13) is divided by 8.
7
Let y = 35 - 38. Let a be (1/y)/(1/(-9)). Suppose